2 + 2 + q. Suppose w + 1 = a. What is the highest common divisor of w and 35?
7
Let s(n) = n**3 + 7*n**2 - 8*n + 3. Let w be s(-8). What is the highest common factor of w and 9?
3
Let z be ((-5)/(-2))/(3/30). What is the highest common factor of 75 and z?
25
Suppose -g + 5*h + 95 = -20, 5*g = -2*h + 521. What is the highest common factor of 42 and g?
21
Let z(p) = -p + 4. Let n be z(4). Suppose 2*k + 29 - 95 = n. What is the highest common factor of 22 and k?
11
Let b = 264 + -180. Suppose 96 = 2*h - b. Let f(g) = g**2 - 7. Let l be f(5). Calculate the greatest common divisor of l and h.
18
Let t be (36/(-5))/((-28)/70). Calculate the greatest common factor of t and 9.
9
Suppose -x - 2*x = 3*f - 36, 4*f = 4*x + 24. Suppose -n + 2 = f. Let a = n + 14. What is the greatest common factor of 56 and a?
7
Let v(j) = -3*j**3 + j + 2. Suppose 3*l = 4*l + 5*g - 24, 2*l - 18 = -4*g. Let p be v(l). What is the greatest common factor of p and 36?
4
Suppose 2*c + u = 13, -6*u = -u - 25. Calculate the highest common factor of c and 32.
4
Let y(r) = -4*r - 4. Let z be y(-4). What is the greatest common divisor of z and 3?
3
Let p = 597 + -333. Calculate the highest common divisor of p and 24.
24
Suppose 2*q + 2*q = -5*p - 17, -2*q - p - 1 = 0. Suppose 3*w - 118 = 2*z, w - 162 = -3*w - q*z. What is the highest common divisor of 100 and w?
20
Suppose -3*n = 2*u, -3*u = -4*n + 21 - 4. Let q be (0 - 3/u) + 8. Let c(i) = -14*i + 1. Let p be c(-7). Calculate the greatest common divisor of q and p.
9
Let h be 18/4 + (-3)/2. Suppose -o - h*a = -20, -3*o + 0*o = -2*a - 60. Calculate the greatest common divisor of 50 and o.
10
Let p(l) = l**3 + 3*l**2 - 6*l - 5. Let a be p(-4). Suppose -7 = -a*u + 8. Let d(i) = i - 2. Let o be d(7). What is the greatest common factor of o and u?
5
Let d be ((0/1)/2)/(-2) + 42. Calculate the highest common divisor of 24 and d.
6
Let c be -3 - -1 - (-105)/5. Let m = c - 10. Calculate the highest common divisor of m and 99.
9
Suppose -14*z + 11*z = -6. Suppose -3*k = u - 14, 2*u - u - k = z. What is the highest common factor of 15 and u?
5
Let j(d) = -d**3 + 2*d - 1. Let f be j(-2). Suppose -23 = -f*c + 31. Let u(w) = w**2 - 2*w - 6. Let a be u(-3). What is the highest common divisor of a and c?
9
Let f = 6 + -2. Let k = 9 + -8. What is the greatest common factor of f and k?
1
Let l(m) = 6*m - 2. Let y be l(2). Let a(n) = 2*n**3 + 2*n**2 + 2*n - 1. Let v be a(-2). Let k = v - -43. What is the greatest common factor of k and y?
10
Suppose 3*u + 53 = -4*m, u + 3*m + 4 = 2*u. Let v = u + 5. Let r be v/9*(2 + -20). What is the greatest common divisor of 60 and r?
12
Let g(r) = r**3 - r**2 + 3*r - 5. Let i be g(2). Suppose -c - 160 = -i*c. What is the highest common divisor of c and 16?
8
Let z be ((-4)/5)/(6/(-30)). Let h be 44/7 + z/(-14). Suppose -2*v = -h*v + 484. What is the greatest common divisor of 11 and v?
11
Let a be (20/25)/((-2)/5). Let u be (-8 - (-1)/1)*a. Calculate the greatest common factor of 2 and u.
2
Suppose 2*i - 15 = -2*s - 3, -4*i + 15 = s. Suppose s*q + 0 = 126. What is the highest common divisor of 6 and q?
6
Let t = 91 + -63. Let o = t - 10. What is the highest common divisor of 36 and o?
18
Let c be (-444)/(-8) + 4/8. What is the highest common divisor of 84 and c?
28
Let p = -12 - -18. Suppose 5*m + 23 = x, x + p = -2*m + 1. Let a be -1 - x*-1*2. What is the greatest common divisor of 50 and a?
5
Suppose -18*a = 6*a - 576. Calculate the greatest common factor of 216 and a.
24
Let r(x) = x**2 + 9*x + 10. Let u be r(-8). Suppose -u*v = -3 + 15. Let g be 12/(-5)*20/v. Calculate the highest common factor of 2 and g.
2
Suppose 2*r = -0*r + 2, 4*q - 3*r = 13. Let b = q - -1. Suppose -n - 12 + 67 = 3*s, 0 = -b*n + 4*s + 275. What is the greatest common divisor of 5 and n?
5
Suppose q + 0*q = -2. Let k be (-42)/(-4) + q/4. What is the greatest common factor of 50 and k?
10
Let s(a) = -a**3 - 4*a**2 + a + 2. Suppose 7*v = 2*v - 25. Let c be s(v). What is the greatest common factor of 11 and c?
11
Suppose 3*q = l + 177, 20 + 31 = q - 3*l. Let i(r) = -2*r**2 - 16*r + 12. Let u be i(-8). What is the greatest common factor of q and u?
12
Suppose -4*u - 100 = -q, 300 = -q + 5*q + 4*u. Let r(f) = 3*f - 1. Let y be r(7). What is the greatest common divisor of y and q?
20
Let c(s) = -s**2 + 6*s - 5. Let b be c(4). Let g = 3 + 1. Suppose -b*a + g = a. What is the highest common divisor of a and 1?
1
Let d(n) = n + 5. Let c be d(4). Let p be 1/((-1)/(-2)) + c. Suppose -p = -3*t - 2. What is the greatest common divisor of t and 1?
1
Let w(v) = 7*v + 1. Let l(q) = -q + 6. Let s be l(5). Let f be w(s). Calculate the highest common factor of f and 32.
8
Let f = 138 + -118. Calculate the highest common divisor of 80 and f.
20
Suppose 3*z - 12 = z. Suppose z - 2 = 4*y. Let u be -1 + 32 + (0 - y). Calculate the greatest common divisor of u and 10.
10
Let x = 3 + 1. Suppose 5*j - 90 = x*j. Calculate the highest common factor of j and 10.
10
Suppose 0*q + q = -2, 0 = h - 2*q - 8. Calculate the greatest common factor of 108 and h.
4
Let x be 2/(-10) - (-255)/25. What is the greatest common factor of x and 70?
10
Suppose 20 = -4*s, 0*u + 3 = -4*u + 5*s. Let m = u - -8. Calculate the greatest common divisor of m and 8.
1
Let a = -33 - -60. Let x(q) = 3*q + 36. Let m be x(-9). Calculate the greatest common divisor of a and m.
9
Let z(d) = -d**2 + 7*d. Let x be z(5). Let l = x - 7. Suppose -10 = 5*g, 0*k - l*k + 227 = 2*g. What is the highest common factor of 11 and k?
11
Suppose -4*p + 74 = 5*l, 58 = 4*p - 5*l + 2*l. Suppose 0 = -5*i + p + 4. Suppose -50 = -5*t + i*t. Calculate the highest common divisor of 10 and t.
10
Suppose -q + 780 = 2*q. Suppose -q = -3*k - 5*t, -4*k + t = 3*t - 328. What is the highest common divisor of 8 and k?
8
Suppose -5*l = -f - 363, -l - f + 69 = -0*f. What is the greatest common factor of 8 and l?
8
Let p = -5 - -185. Calculate the greatest common divisor of 20 and p.
20
Let g = -15 + 19. Calculate the highest common divisor of g and 12.
4
Let a = 8 - 10. Let f be (8/a)/2*-1. Calculate the greatest common factor of f and 5.
1
Let o be 3 - (1/(-1) - 8). Calculate the highest common factor of o and 108.
12
Let n(o) = -o**3 - 8*o**2 + 7*o. Let t be n(-9). Let p be (-8)/(-10)*(-270)/(-4). What is the highest common divisor of p and t?
18
Let p = -348 - -502. Let t(o) = o**2 - o - 6. Let a be t(5). Calculate the greatest common factor of p and a.
14
Let i = 6 - 5. Let m = i - -7. Calculate the greatest common divisor of m and 8.
8
Let a(n) = -4*n + 4*n - n + 1. Suppose -3*p = p + 28. Let x be a(p). Calculate the highest common factor of 16 and x.
8
Let v be (-117)/(2*(-3)/6). Let b = -6 - -19. Calculate the highest common divisor of b and v.
13
Let d(z) = -z**3 + 7*z**2 + 8*z + 4. Let b be d(8). Let h be 5 + -3 + 13 + 1. What is the greatest common divisor of h and b?
4
Suppose -5*c = -2*c - 54. Let k = -610 + c. Let m be 6/(-9) + k/(-6). What is the highest common divisor of m and 14?
14
Suppose -h + 20 = 3*h. Let j = h + 7. What is the greatest common divisor of j and 48?
12
Let g be ((-26)/(-6))/(1/(20 - 5)). Calculate the highest common factor of 10 and g.
5
Let b(g) = -5*g - 3 + 4 - 6*g + 5*g. Let i(r) = -r**2 - 4*r - 4. Let w be i(-4). Let a be b(w). What is the highest common factor of a and 10?
5
Let g = -5 - -8. Let f be 1 - ((-9)/g - 12). Suppose -2*q + f = 2*b - 0*q, -q = -b + 12. What is the highest common factor of b and 50?
10
Let u be (-9 - -5) + (-2 - -16). Let i = -29 - -42. Let q = i + 12. What is the greatest common divisor of q and u?
5
Let l = -196 + 311. Calculate the highest common factor of 23 and l.
23
Let k be -8*((-6)/4 + 1). Suppose -144 = -0*v - k*v. What is the highest common divisor of 18 and v?
18
Let x = 122 + -50. Suppose 4*i = -i + 25. Suppose 41 = i*j - 4. What is the greatest common divisor of x and j?
9
Let z(s) = 5*s**2 - 22*s - 10. Let y(q) = 3*q**2 - 11*q - 5. Let n(h) = -7*y(h) + 4*z(h). Let j be n(-8). Calculate the highest common divisor of j and 95.
19
Suppose -3*a - 11 + 2 = 0. Let m(j) = -3*j**3 - 5*j**2 - 4*j - 4. Let f be m(a). Let o be 13/3 + 3/(-9). Calculate the greatest common divisor of f and o.
4
Let v = -18 + 38. Let g = 4 - -17. Suppose -4*b = 5*u - 150, g = 